{"id":107,"date":"2024-02-12T22:39:38","date_gmt":"2024-02-12T21:39:38","guid":{"rendered":"https:\/\/softwareconsulting.dk\/?page_id=107"},"modified":"2024-02-13T21:28:50","modified_gmt":"2024-02-13T20:28:50","slug":"ommetvaerket","status":"publish","type":"page","link":"https:\/\/softwareconsulting.dk\/index.php\/ommetvaerket\/","title":{"rendered":"OmMetvaerket"},"content":{"rendered":"\n<div class=\"wp-block-group alignwide is-layout-flow wp-container-core-group-is-layout-05898ac8 wp-block-group-is-layout-flow\">\n<h1 class=\"wp-block-heading has-text-align-left has-xxl-font-size\"><strong>MetV\u00e6rket i Nordjylland<\/strong><\/h1>\n\n\n\n<p class=\"has-medium-font-size\">MetV\u00e6rket (<strong>Met<\/strong> \u2013 for <strong>metastaser<\/strong>) er et netv\u00e6rk for mennesker med metastatisk kr\u00e6ft.<\/p>\n\n\n\n<div class=\"wp-block-group alignfull is-layout-flow wp-container-core-group-is-layout-10d01144 wp-block-group-is-layout-flow\" style=\"margin-top:0px;margin-bottom:0px;padding-top:0px;padding-right:0px;padding-bottom:0px;padding-left:0px\">\n<div class=\"wp-block-columns are-vertically-aligned-center is-layout-flex wp-container-core-columns-is-layout-d2ca7aa4 wp-block-columns-is-layout-flex\">\n<div class=\"wp-block-column is-vertically-aligned-center has-raft-bg-alt-background-color has-background is-layout-flow wp-block-column-is-layout-flow\" style=\"padding-top:32px;padding-right:32px;padding-bottom:32px;padding-left:32px\">\n<figure class=\"wp-block-image aligncenter size-full\"><img loading=\"lazy\" decoding=\"async\" width=\"1350\" height=\"985\" src=\"https:\/\/softwareconsulting.dk\/wp-content\/uploads\/2024\/02\/MyFile_Kaffekande_Forside.jpg\" alt=\"\" class=\"wp-image-154\" srcset=\"https:\/\/softwareconsulting.dk\/wp-content\/uploads\/2024\/02\/MyFile_Kaffekande_Forside.jpg 1350w, https:\/\/softwareconsulting.dk\/wp-content\/uploads\/2024\/02\/MyFile_Kaffekande_Forside-300x219.jpg 300w, https:\/\/softwareconsulting.dk\/wp-content\/uploads\/2024\/02\/MyFile_Kaffekande_Forside-1024x747.jpg 1024w, https:\/\/softwareconsulting.dk\/wp-content\/uploads\/2024\/02\/MyFile_Kaffekande_Forside-768x560.jpg 768w\" sizes=\"auto, (max-width: 1350px) 100vw, 1350px\" \/><\/figure>\n<\/div>\n\n\n\n<div class=\"wp-block-column is-vertically-aligned-center is-layout-flow wp-block-column-is-layout-flow\" style=\"padding-top:32px;padding-right:32px;padding-bottom:32px;padding-left:32px\">\n<div class=\"wp-block-group is-layout-constrained wp-container-core-group-is-layout-6d6486c8 wp-block-group-is-layout-constrained\">\n<h2 class=\"wp-block-heading\">MetV\u00e6rkets Historie<\/h2>\n\n\n\n<p>Kaffeklubben i Nordjylland blev dannet i 2020 af en gruppe kvinder med uhelbredelig kr\u00e6ft.<\/p>\n\n\n\n<p>Vi kommer fra hele Nordjylland fra Skagen til Hadsund og m\u00f8des til forskellige aktiviteter fx G\u00e5ture og sv\u00f8mning, restaurantbes\u00f8g eller \u201dhjemme hos\u201d arrangementer.<\/p>\n\n\n\n<p>Men erfaringen har vist at det p\u00e5 et tidspunkt bliver for sv\u00e6rt i k\u00f8re langt for at m\u00f8des. <\/p>\n\n\n\n<p>Vi har derfor startet foreningen MetV\u00e6rket, s\u00e5 der kan etableres kaffeklubber\/netv\u00e6rkscaf\u00e9er i flere nordjyske byer.<\/p>\n\n\n\n<p><strong>Netv\u00e6rkscaf\u00e9erne er \u00e5bne for alle kvinder med uhelbredelig kr\u00e6ft<\/strong>.<strong> Det er gratis at deltage (og man beh\u00f8ver ikke v\u00e6re medlem af foreningen MetV\u00e6rket)<\/strong><\/p>\n<\/div>\n<\/div>\n<\/div>\n\n\n\n<div class=\"wp-block-columns is-layout-flex wp-container-core-columns-is-layout-d2ca7aa4 wp-block-columns-is-layout-flex\">\n<div class=\"wp-block-column is-vertically-aligned-center is-layout-flow wp-block-column-is-layout-flow\" style=\"padding-top:32px;padding-right:32px;padding-bottom:32px;padding-left:32px\">\n<div class=\"wp-block-group is-layout-constrained wp-container-core-group-is-layout-6d6486c8 wp-block-group-is-layout-constrained\">\n<h2 class=\"wp-block-heading\">Foreningen MetV\u00e6rket<\/h2>\n\n\n\n<p>Vi har 2 form\u00e5l:<\/p>\n\n\n\n<ol class=\"wp-block-list\">\n<li>At etablere netv\u00e6rksgrupper for mennesker med uhelbredelig kr\u00e6ft.<\/li>\n\n\n\n<li>At lave aktiviteter til gl\u00e6de og gavn for mennesker med uhelbredelig kr\u00e6ft og deres p\u00e5r\u00f8rende.<\/li>\n<\/ol>\n\n\n\n<h2 class=\"wp-block-heading\">Administration?<\/h2>\n\n\n\n<p>Foreningen drives af frivillige. Vi bruger meget f\u00e5 penge p\u00e5 administration (140 kr. pr \u00e5r til dom\u00e6neafgift og 228 kr. pr \u00e5r for mobiltelefon)<strong>.<\/strong><\/p>\n<\/div>\n<\/div>\n\n\n\n<div class=\"wp-block-column is-vertically-aligned-top has-raft-bg-alt-background-color has-background is-layout-flow wp-block-column-is-layout-flow\" style=\"padding-top:32px;padding-right:32px;padding-bottom:32px;padding-left:32px\">\n<h2 class=\"wp-block-heading\">Medlemskab<\/h2>\n\n\n\n<p><strong>Aktive medlemmer<\/strong> er personer, der er ramt af uhelbredelig kr\u00e6ft, deres p\u00e5r\u00f8rende og efterladte. <\/p>\n\n\n\n<p>Mange der rammes af uhelbredelig kr\u00e6ft bliver desv\u00e6rre ogs\u00e5 ramt \u00f8konomisk. Alle, der er ramt af kr\u00e6ft, kan derfor blive fritaget for at betale det \u00e5rlige kontingent 50 kr.<\/p>\n\n\n\n<p><strong>St\u00f8ttemedlemmer<\/strong> er enkeltpersoner, organisationer, institutioner samt foreninger som \u00f8nsker at st\u00f8tte foreningens form\u00e5l. St\u00f8ttemedlemmer betaler min. 50 kr. om \u00e5ret. <strong>Alle indt\u00e6gter fra st\u00f8ttemedlemmer g\u00e5r ubesk\u00e5ret til at lave aktiviteter for mennesker med uhelbredelig kr\u00e6ft.<\/strong><\/p>\n\n\n\n<div class=\"wp-block-buttons is-layout-flex wp-block-buttons-is-layout-flex\">\n<div class=\"wp-block-button is-style-outline is-style-outline--1\"><a class=\"wp-block-button__link wp-element-button\">L\u00e6s Mere<\/a><\/div>\n<\/div>\n<\/div>\n<\/div>\n<\/div>\n<\/div>\n\n\n\n<div class=\"wp-block-group alignfull has-raft-fg-alt-color has-raft-accent-background-color has-text-color has-background is-layout-constrained wp-container-core-group-is-layout-87ba1f51 wp-block-group-is-layout-constrained\" style=\"margin-top:0px;margin-bottom:0px;padding-top:var(--wp--preset--spacing--80);padding-right:var(--wp--preset--spacing--40);padding-bottom:var(--wp--preset--spacing--80);padding-left:var(--wp--preset--spacing--40)\">\n<h2 class=\"wp-block-heading has-text-align-center has-raft-fg-alt-color has-text-color\">\u201dLykken er ikke en destination, men en m\u00e5de at rejse p\u00e5.\u201d<\/h2>\n<\/div>\n","protected":false},"excerpt":{"rendered":"<p>MetV\u00e6rket i Nordjylland MetV\u00e6rket (Met \u2013 for metastaser) er et netv\u00e6rk for mennesker med metastatisk kr\u00e6ft. MetV\u00e6rkets Historie Kaffeklubben i Nordjylland blev dannet i 2020 af en gruppe kvinder med [&hellip;]<\/p>\n","protected":false},"author":1,"featured_media":0,"parent":0,"menu_order":0,"comment_status":"closed","ping_status":"closed","template":"template-plain","meta":{"_EventAllDay":false,"_EventTimezone":"","_EventStartDate":"","_EventEndDate":"","_EventStartDateUTC":"","_EventEndDateUTC":"","_EventShowMap":false,"_EventShowMapLink":false,"_EventURL":"","_EventCost":"","_EventCostDescription":"","_EventCurrencySymbol":"","_EventCurrencyCode":"","_EventCurrencyPosition":"","_EventDateTimeSeparator":"","_EventTimeRangeSeparator":"","_EventOrganizerID":[],"_EventVenueID":[],"_OrganizerEmail":"","_OrganizerPhone":"","_OrganizerWebsite":"","_VenueAddress":"","_VenueCity":"","_VenueCountry":"","_VenueProvince":"","_VenueState":"","_VenueZip":"","_VenuePhone":"","_VenueURL":"","_VenueStateProvince":"","_VenueLat":"","_VenueLng":"","_VenueShowMap":false,"_VenueShowMapLink":false,"footnotes":""},"class_list":["post-107","page","type-page","status-publish","hentry"],"_links":{"self":[{"href":"https:\/\/softwareconsulting.dk\/index.php\/wp-json\/wp\/v2\/pages\/107","targetHints":{"allow":["GET"]}}],"collection":[{"href":"https:\/\/softwareconsulting.dk\/index.php\/wp-json\/wp\/v2\/pages"}],"about":[{"href":"https:\/\/softwareconsulting.dk\/index.php\/wp-json\/wp\/v2\/types\/page"}],"author":[{"embeddable":true,"href":"https:\/\/softwareconsulting.dk\/index.php\/wp-json\/wp\/v2\/users\/1"}],"replies":[{"embeddable":true,"href":"https:\/\/softwareconsulting.dk\/index.php\/wp-json\/wp\/v2\/comments?post=107"}],"version-history":[{"count":29,"href":"https:\/\/softwareconsulting.dk\/index.php\/wp-json\/wp\/v2\/pages\/107\/revisions"}],"predecessor-version":[{"id":256,"href":"https:\/\/softwareconsulting.dk\/index.php\/wp-json\/wp\/v2\/pages\/107\/revisions\/256"}],"wp:attachment":[{"href":"https:\/\/softwareconsulting.dk\/index.php\/wp-json\/wp\/v2\/media?parent=107"}],"curies":[{"name":"wp","href":"https:\/\/api.w.org\/{rel}","templated":true}]}}